142 + 219. What is the units digit of m?
7
Let f(c) = 3*c**2 + 4. Let j be f(-3). Suppose -3*r + j - 7 = 0. What is the units digit of r?
8
What is the units digit of 8/10*(16 - (-4)/(-4))?
2
Suppose -3*q + 109 = 5*g, 0 = 3*q - 4*g - 2 - 89. What is the units digit of q?
3
Let a(m) = 3*m - 15. Let v be a(6). Suppose 0 = -v*k - k + 168. What is the units digit of k?
2
Let i = -5 - -9. Suppose x + i - 12 = 0. Suppose -2*c = -22 + x. What is the units digit of c?
7
Let n = 13 + -4. Suppose -q - 2*q = -n. Suppose -q*x = -4*x + 7. What is the units digit of x?
7
Let z(l) = -2*l. Let n(v) = -3*v**2 + v. Let m be n(-1). Let g = m - -3. What is the units digit of z(g)?
2
Let g(b) = -4*b. Let f be 1 - 1 - (-2 - -5). Let t be g(f). Let a = -6 + t. What is the units digit of a?
6
Let m = 9 + -2. What is the units digit of m?
7
Let z(n) = -n**2 - 7*n + 4. Let s be z(-6). What is the units digit of 35/s - (-1)/(-2)?
3
Let b = -3 - 0. Let h be 0/1 + -1 - b. What is the units digit of (-2 + 7)*(h - 1)?
5
Suppose -92 = -3*x - m, 0*m = x + 3*m - 28. What is the tens digit of x?
3
Let j = 116 - 61. Suppose 17 = -2*k + j. What is the tens digit of k?
1
Let k be (-1)/1 - (-1)/1. Let c(l) = -l + 21. What is the units digit of c(k)?
1
Let i(p) = 3*p**2. Let o be i(-1). What is the units digit of o + (-3 + 2)*0?
3
Suppose -r = 1 - 12. Let j = r - 7. What is the units digit of j?
4
Let m be 6 + (-4)/(6/3). Let w(u) = 2*u**2 + 2*u - 4. Let r be w(-3). Let v = r + m. What is the units digit of v?
2
Let a be 0*1/(-2) - 4. Let y(h) = -h + 3. Let z be y(a). Suppose 4*m = z*m - 6. What is the units digit of m?
2
Let g(o) = o**2 - 7*o + 10. Suppose 0 = 2*n - 7 - 9. What is the units digit of g(n)?
8
Suppose -3*a + 6*a = 0. Suppose a = 2*m - 17 + 7. What is the units digit of m?
5
Let c = 41 + 15. What is the units digit of c?
6
Let t be 25*(4/20 + 0). Suppose -9 = -d - 4*o, -t*d + 19 = -2*d + 4*o. What is the units digit of d?
5
Let f be (-2 - -7)*(-6)/(-10). Suppose -3*s + 4*s = 2*z + f, -3*s - 3*z = -18. What is the units digit of s?
5
Suppose -c = -0*c. Suppose -5*x + c = a - 32, -4*x - 2*a = -22. What is the units digit of x?
7
Suppose 3*s - 61 = 14. What is the tens digit of s?
2
Suppose -w + 0 + 5 = 0. Suppose -f = -3*f + 72. Suppose w*z - f = z. What is the units digit of z?
9
Let f = -2 + 4. Let o = -2 - f. What is the units digit of (1 - 0)*(-12)/o?
3
Let w = -91 + 208. What is the units digit of w?
7
Let j(f) = 10*f**2 + 4*f - 1. What is the units digit of j(-3)?
7
Suppose 3*y - 10 = 5*l - 1, 0 = 5*l + 15. Let k = 7 + 4. Let q = k - y. What is the units digit of q?
3
Suppose 6*n - 2*n - 64 = -4*y, -4*n - 2*y = -56. Let i = n + -4. What is the units digit of i?
8
Let q(d) = 10*d - 6. Let y(i) = 2*i - 1. Let u(w) = 3*q(w) - 14*y(w). What is the tens digit of u(10)?
1
Let l(t) = t**2 - 7*t + 6. Let o be l(6). Let r(f) = -f**3 - f**2 - f + 16. Let m be r(o). Let i = m + -9. What is the units digit of i?
7
Suppose 0 - 2 = -j - 5*t, -5*j + 4*t = -10. Suppose 0*s + 2*s + 6 = 2*h, -3*h + 12 = -j*s. Suppose o = 2*o - h. What is the units digit of o?
6
Suppose -2*q = 100 - 462. What is the hundreds digit of q?
1
Suppose 0 = -6*c + 3*c + 6. What is the units digit of c?
2
Suppose -23*l + 50 = -21*l. What is the tens digit of l?
2
Let p be (-64)/(-24)*18/(-4). Suppose 5*h - k - 16 - 79 = 0, -5*k = -5*h + 75. Let d = h + p. What is the units digit of d?
8
Let t(f) = f - 5. Let a be t(-4). Let o(u) = -u + 10. What is the units digit of o(a)?
9
Let p = 61 - 37. Let b = p - 3. What is the units digit of b?
1
Let n(t) = -t**3 - 16*t**2 - t + 20. What is the tens digit of n(-16)?
3
Suppose -2*t + 125 = -3*l, t - 185 = -2*t + 2*l. What is the units digit of t?
1
Suppose -3*r - r = -4*o + 236, 257 = 4*o + 3*r. Let q = o + -10. Suppose l - 20 = -2*k - 0*k, 5*k + 2*l = q. What is the units digit of k?
2
Let o = -286 - -535. What is the tens digit of o?
4
What is the units digit of (15/(-5))/((-3)/283)?
3
Let k(i) = -i + 21. What is the tens digit of k(-12)?
3
Let l = 29 - 17. What is the tens digit of l?
1
Suppose 2*q - 19 = 5*a + 22, 4*q + 2*a = 142. What is the tens digit of q?
3
Let f = 1 + -1. Suppose 0 = -f*c - 5*c + 50. What is the units digit of (5 - 0)*4/c?
2
Let v(z) = z**2 + 14*z + 11. What is the tens digit of v(-17)?
6
Let z(q) = -2*q**3 - 9*q**2 - 8*q + 26. What is the units digit of z(-6)?
2
Let x = 7 + -3. What is the units digit of 16/(-4)*(-9)/x?
9
Suppose -16*f + 11*f + 435 = 0. What is the units digit of f?
7
Let t(p) = 3*p**2 + 3*p + 2. What is the units digit of t(3)?
8
Let f(j) = -3*j - 3. Suppose -2*t - 8*c + 3*c = 30, -18 = 2*t + 2*c. What is the tens digit of f(t)?
1
Let t(p) = p**2 + p - 2. Suppose 0 = 4*l - j + 17, 2*l - 2*j + 15 = -1. Let v be t(l). Let y(s) = s**3 - 3*s**2 + 4. What is the tens digit of y(v)?
2
Let g = -4 + 12. Suppose -2*p + g = -10. What is the units digit of p?
9
Let v(z) = -21*z - 31. What is the units digit of v(-6)?
5
Let h(o) = o - 4. Let g be h(5). Let a be (5/3 - g)*9. Suppose -16 = 2*f - a*f. What is the units digit of f?
4
Let s be -13 - (3 - 0)/(-3). Let z = 20 + s. What is the units digit of z?
8
Let l(i) = 31*i - 9. What is the tens digit of l(2)?
5
Let i = 2 - -4. Suppose i = 4*x - 122. What is the units digit of x?
2
Let h = 17 - 18. Let g(n) be the first derivative of -3*n**2 - 1. What is the units digit of g(h)?
6
Let o be (-6 + (-1 - -2))*1. Let k = 9 + o. Suppose h = f + k*h - 28, -11 = -2*f + 3*h. What is the units digit of f?
3
Let z(f) = -f + 6. Let l be z(8). Let g be (0/l)/(-1)*1. Suppose 4*w - 48 = -g*w. What is the tens digit of w?
1
Let b(g) = g**2 - 4 + 6*g - 6*g**2 + 4*g**2. What is the units digit of b(4)?
4
Let l = 83 - 41. What is the units digit of (-3)/15 - l/(-10)?
4
Let v be 10/2*(-18)/(-15). Let z be 22/v - (-2)/6. What is the units digit of (-2)/(-3) - z/(-12)?
1
Let f(w) = w**3 + w**2 + 1. Let c be f(0). Suppose -2*k + 12 = 2*k. Suppose j + 0*j - 10 = -k*n, -j = -c. What is the units digit of n?
3
Suppose -3*y + 507 = -33. What is the hundreds digit of y?
1
What is the units digit of 9/8 + (-4)/32 - -48?
9
Suppose 542 - 3902 = -8*j. What is the tens digit of j?
2
Let y(z) = z**3 - 4*z**2 - 2*z - 5. Suppose 0 = -2*l - 5*f + 30, 4*l + 4*f + 13 = 49. What is the tens digit of y(l)?
1
What is the tens digit of (-257)/(-15) - (-4)/(-30)?
1
Suppose -440 = 4*p - 8*p. What is the hundreds digit of p?
1
Let z = 29 + 13. Suppose z = g + d, -5*d + 27 = g - 3. Suppose 0 = 2*l - 7*l + g. What is the units digit of l?
9
Let z = 11 + -8. What is the units digit of z?
3
Let v(f) = f**2 - 4*f + 2. Let i(s) = -2*s**2 - s - 1. Let d be i(-1). Let r be (d/(-4))/(1/10). What is the units digit of v(r)?
7
Let h(v) = -v + 16. What is the units digit of h(-12)?
8
Suppose -5*p + 8*k = 4*k - 18, 0 = -3*p - 4*k - 2. Let a = 4 - p. What is the units digit of a?
2
Suppose k = 4*j + 2 + 2, 2*j = -2*k - 32. What is the units digit of 2*(-11)/8*k?
3
Let u be ((-216)/(-30))/((-1)/(-5)). Let k = -11 + u. What is the tens digit of k?
2
Suppose -13*b = -7*b - 1086. What is the tens digit of b?
8
Suppose 4*u - 5*u + 22 = 0. Suppose u = 5*m - 8. What is the units digit of m?
6
Let l(g) be the third derivative of -1/120*g**6 + 0 + 7/24*g**4 + 0*g - 1/12*g**5 + 7/6*g**3 + g**2. What is the units digit of l(-6)?
1
Let c be 12/8*-2 + 11. Suppose r + 1 - c = 0. What is the units digit of r?
7
Suppose g - 6 = m, 3*g - 5*m + 8 = 28. Suppose 3*v - 4*c = 14 + 26, 62 = g*v - 2*c. Suppose f + v = 5*f. What is the units digit of f?
3
Suppose -2*y + 5*y - 6 = 0. Suppose 3*i = y*i + 2. Suppose -u = -4*z - 1, -4*u + 16 + 6 = i*z. What is the units digit of u?
5
Suppose -2*d = -2*k - 60, -3*k + 20 + 72 = 4*d. What is the units digit of d?
6
Let q be 0/((-2 + 3)*2). Suppose q = 5*y - 29 - 31. What is the units digit of y?
2
Suppose m - 121 = -2*v + 2*m, -3*v + 149 = 5*m. What is the tens digit of v?
5
Let o be 2 - 12 - (-4)/(-4). Let l = o + 12. What is the units digit of l?
1
Let l(o) = -o + 13. Let n be l(-10). Suppose -4*g + n = -33. What is the units digit of g?
4
Let l be 2/(-4)*(-3 - -3). Suppose d + 43 = 3*n, -4*n + 49 = -l*d - 3*d. What is the tens digit of n?
1
Suppose -6*j = -304 + 112. What is the units digit of j?
2
What is the units digi